 - 366684. What is the ten thousands digit of u?
7
Let j(r) = -360*r - 116. What is the thousands digit of j(-12)?
4
Let b = -298 + 698. What is the tens digit of (-7 + 10)/1 + b?
0
Let s(k) = 2*k**2 - 4*k - 2. Let y be (-5)/(-2)*5/(50/16). Let p be s(y). Suppose r - 66 = p. What is the units digit of r?
0
Let u(x) be the second derivative of 16*x + 11/6*x**3 + 0 + 1/6*x**4 - 10*x**2. What is the units digit of u(-9)?
3
Suppose 12*t + 62 = 110. What is the tens digit of ((-4)/10)/(t/(8 + -15228))?
2
Suppose 4*p = d + 1496, 367 = p + 48*d - 50*d. What is the hundreds digit of (p/45)/((-2)/(-246))?
0
Suppose 2*n = -2*m - 2, -5*m + 3*n = -7*m - 3. Suppose -32*v + 2550 + 7178 = m. What is the units digit of v?
4
Let z(g) = g**2 + 4*g - 84. Let j = 179 - 169. What is the tens digit of z(j)?
5
Let s(a) = -6*a**2 + 336. What is the hundreds digit of s(0)?
3
Suppose s - 4*m - 7451 = -2363, 3*s - 4*m = 15240. What is the tens digit of s?
7
What is the thousands digit of (168/294)/((-4)/(-78582))?
1
What is the ten thousands digit of (-21406)/6*(-2 + (10 - (-6 - -17)))?
1
Suppose 10*h = 15*h + 2*u - 72738, 4*h + 5*u = 58204. What is the ten thousands digit of h?
1
Suppose -3*a + 13 = 3*x + 4, 0 = -2*x + 3*a + 11. Suppose 0*n + x*n = 36. Suppose 0 = 3*w + 9, l = -5*w + n + 14. What is the units digit of l?
8
Let r(m) = m**2 + 8*m + 6. Let y be r(-7). Let t be -30*62/(-8) - y/2. Suppose -o = -2*l + t, 3 = -4*o + 7. What is the units digit of l?
7
Suppose 8*z - 4*z - 4 = -4*d, -4*d = -5*z + 23. What is the units digit of (4 - z) + (22 - -1395)?
8
Let k = -14524 - -21303. What is the thousands digit of k?
6
Suppose 12*w - 1930 = -5*n + 17*w, 4*w = 5*n - 1924. What is the tens digit of n?
8
Suppose -z - z = 430. Suppose 107*o - 116*o + 2709 = 0. Let v = o + z. What is the units digit of v?
6
Let h be -9 + 5 - 2*372/8. Let i = -96 - h. What is the tens digit of ((-805)/(-10))/(i/2)?
6
Let f = 12 - 13. Let i(a) be the first derivative of -123*a**4/4 - a**3/3 + a**2/2 + 2*a + 41. What is the units digit of i(f)?
3
Let h be 6/(-72)*6 + 2806/4. Suppose -f - 3*a + 715 = 0, -a + 2137 + h = 4*f. What is the tens digit of f?
0
Let b(y) = 93*y - 2. Let g(l) = -l**2 - 8*l - 4. Let v be g(-5). Let x be b(v). Let j = x + -729. What is the units digit of j?
2
Suppose -26723 = -4*f + 200*w - 203*w, 3*f - 5*w - 20006 = 0. What is the hundreds digit of f?
6
Let n = -114 + 116. What is the hundreds digit of 51/34 - (-1251)/n?
6
Suppose a + 6*c - 10*c - 70 = 0, 113 = 2*a + c. Suppose 2765 = 3*u - 5*b, 0 = 3*u + a*b - 55*b - 2805. What is the tens digit of u?
3
Suppose 3*n - 44 = -251. Let h = n - -95. What is the tens digit of h?
2
Let a(s) = -s**2 + 6*s + 20. Let x be a(10). Let f be (-10 + 19)*x/6. Let t = f + 113. What is the tens digit of t?
8
Let p(v) = 155*v**2 + 94*v - 21. What is the tens digit of p(6)?
2
Suppose -15 = -z - 5*p + 21, -32 = -2*z - 2*p. Suppose 16*d - 15 = z*d. Suppose -4*t = d*a - 103, -3*t + 2*a - 5*a = -81. What is the tens digit of t?
2
Let g = -2164 - -12403. What is the units digit of g?
9
Suppose 14*h - 66090 = 28452. What is the units digit of h?
3
Let g = -33717 - -34825. What is the hundreds digit of g?
1
Let u(k) = -1797*k + 2131. What is the tens digit of u(-8)?
0
Suppose 14069 = 8*w - 7003. Suppose -w = -9*m + 6843. What is the units digit of m?
3
Let v(w) = -2*w**3 + 130*w**2 + 146*w + 632. What is the tens digit of v(66)?
5
Let m(u) = 124*u**2 - 97*u + 1016. What is the units digit of m(15)?
1
Suppose 27659 = -4*q - 5*o + 119845, -5*o = -3*q + 69087. What is the units digit of q?
9
Suppose 5*p - 38467 = n, p - 1638 - 6063 = 4*n. What is the units digit of p?
3
Let n = 36 + -10. Suppose -n*f = -27*f + 4. Suppose b - 3 = 0, 0*d + f*b = -5*d + 182. What is the units digit of d?
4
Suppose -10*n + 70978 = -23652. What is the hundreds digit of n?
4
Let l(f) = 8*f**2 + 2*f - 1. Let y(o) = o**3 - 2*o**2 - 8*o + 2. Suppose -8*c = -13*c + 20. Let j be y(c). What is the tens digit of l(j)?
3
Let i = 78 + -95. Let z be -4 + i/(-5) + (-2374)/10. Let f = 433 + z. What is the units digit of f?
5
Let f = -46 - -48. Suppose 2*u - 142 = -4*b, -4*u = -0*b + f*b - 86. What is the units digit of b?
3
Let u(z) = 16783*z + 0 + 58 - 16838*z. What is the units digit of u(-7)?
3
Suppose 4 = 2*t, -44*x + 4*t = -40*x - 66900. What is the hundreds digit of x?
7
What is the hundreds digit of 118107/8 - 261/696?
7
Suppose 9*g = 117788 + 343939. What is the thousands digit of g?
1
Let l(z) = 20*z - 2. Suppose 0 = 2*s - 3*i - 27, -4*s = 6*i - 5*i - 47. What is the hundreds digit of l(s)?
2
Suppose 0 = -6*u + 48 + 606. Suppose -2*o - 3*q = -1179, -4*q = 4*o - u - 2247. What is the units digit of o?
8
Let l(y) = -y**2 + 5*y + 7. Let p be l(5). Let h(s) be the first derivative of s**4/4 - 5*s**3/3 - 5*s**2/2 + 6*s - 853. What is the units digit of h(p)?
9
Let s = 6654 + -3462. Suppose 0 = -66*f + 59*f + s. What is the units digit of f?
6
Let j = -16690 - -27835. What is the thousands digit of j?
1
Let m(s) = s**3 - 21*s**2 + 21*s + 59. Let g(u) = -12*u - 4. Let b be g(-2). What is the units digit of m(b)?
9
Suppose p = 41*p - 198441 - 171479. What is the tens digit of p?
4
Let v(i) = 47*i**2 + 63*i + 14. What is the hundreds digit of v(6)?
0
Suppose 11*y - 2*y - 45 = 0. Suppose -6*c + 54 = -y*c. Suppose -3*u + 3*l = -2*l - c, 29 = u + 2*l. What is the tens digit of u?
2
Suppose 40 = -15*g + 19*g. Suppose 0 = -u + 4*n + 2 + 15, 5*u = -5*n + g. Suppose -2*d + 3*l = -88, -4*l = u*d - 4*d - 33. What is the tens digit of d?
4
What is the thousands digit of (11697/(-14) - 1)*(-1 + (-3 - -2))?
1
Let j(i) = 28544*i**2 + 121*i + 122. What is the units digit of j(-1)?
5
Suppose 0 = -x - 2*c + 8, -2 + 8 = 3*x - 3*c. Suppose -26 - 898 = -x*s. What is the tens digit of s?
3
Let z(f) be the first derivative of -3*f - 2*f**3 - 1 - 4*f**2 - 1/2*f**4. What is the units digit of z(-3)?
1
Let a be 0*(-3)/6*2. Suppose -5*k = -3*t - 7, -t - 2*k - 3*k - 9 = 0. What is the units digit of a + 0/t - -78?
8
Let c(f) = 187 - 359 - 64*f + 179 - 6*f**2. What is the tens digit of c(-8)?
3
Let k = -132202 + 205987. What is the ten thousands digit of k?
7
Suppose z - 5 = -4*x + 7, -3*x - 129 = -5*z. Suppose 3*l - 72 = 9*t - 8*t, 3*t + z = l. What is the tens digit of (-1)/6 + 1612/l?
6
Let j(h) = -4*h**2 + 18*h - 18. Let p be j(4). Let l(q) = q**3 + 21*q**2 - q + 31. What is the tens digit of l(p)?
4
Let f(v) = 4*v**3 - 2*v**2 + 3*v - 2. Let o be f(3). Suppose -2*i + 17 + 61 = 0. Let j = i + o. What is the hundreds digit of j?
1
Suppose -27*i + 1 = -28*i. What is the tens digit of 19 + (0 - (5 + i))?
1
Suppose 37*g + 5*c = 38*g + 308, 1196 = -4*g + 2*c. Let b = 925 + g. What is the tens digit of b?
2
Suppose 4517 = 4*t - n, 2*t - 2266 = -0*t - 2*n. Suppose -5*z - y = -3609, 2*z - t - 316 = -y. What is the hundreds digit of z?
7
Suppose -5*v + 4*v - 10 = 5*a, -4*v = -2*a - 4. Suppose v = -z - z + 892. Suppose 0 = 4*p + 4*s - z + 66, -2*s + 92 = p. What is the units digit of p?
8
Suppose -4*p + 3*y = -21047, -2*y = -15 + 9. What is the units digit of p?
4
Let u(d) = -3*d - 18. Let g be u(-7). Suppose r + 29 = 3*y - 7, 0 = g*r - 5*y + 128. Let f = r - -112. What is the tens digit of f?
6
Let m(g) = -g**3 - 6*g**2 + 14*g + 26. Let c be m(-8). Let t = 42 - c. Suppose 4*l = 2*i + 5*l - 273, t = 3*i - 2*l - 406. What is the hundreds digit of i?
1
Let y(b) = b**3 + 22*b**2 + b + 21. Let r be y(-22). What is the hundreds digit of (-376)/r - 48/24?
3
Suppose 0 = -170*p + 141045 + 182635. What is the units digit of p?
4
Let t be -6*(-4)/108 + (-3110)/(-18). Suppose 5*f + 682 = -t. Let y = f + 341. What is the units digit of y?
0
Let p(f) = -f**3 + 7*f**2 + 7*f + 6. Let z be p(6). Let m = -81 + z. Suppose w + 3*j = -w + 352, -j = m*w - 535. What is the units digit of w?
9
Suppose 11*o - 7*o + 12948 = 0. What is the units digit of (360/(-70))/(-9) - o/7?
3
Suppose x = r + 6*x - 60, 0 = -2*r + 5*x + 195. Let o = r + -31. Suppose -o*u + 49*u + 715 = 0. What is the units digit of u?
3
Suppose 4*l + 774 + 5490 = n, 3*l - 18852 = -3*n. Suppose n = 4*q + 1696. What is the units digit of q?
6
Let c be (1*-2)/((-32)/64) - 5. What is the units digit of -1608*(c/4)/(9/18)?
4
Let j(a) = -a**3 + 57*a**2 + 66*a + 50. What is t